{"id":123,"date":"2024-08-10T14:38:09","date_gmt":"2024-08-10T12:38:09","guid":{"rendered":"https:\/\/www.espoirdataraxia.com\/?post_type=product&#038;p=123"},"modified":"2024-08-10T18:26:56","modified_gmt":"2024-08-10T16:26:56","slug":"boite-a-des-artificier-automaton","status":"publish","type":"product","link":"https:\/\/www.espoirdataraxia.com\/?product=boite-a-des-artificier-automaton","title":{"rendered":"Artificier Automaton &#8211; Boite \u00e0 D\u00e9s"},"content":{"rendered":"<p>Boite \u00e0 d\u00e9s \/ Dice box &#8211; Artificier Automaton<\/p>\n<p>Le chapeau pr\u00e9sent dans la galerie photo sert uniquement \u00e0 des fins de pr\u00e9sentation visuelle, il n&rsquo;est pas fournis avec la chope ou la boite \u00e0 d\u00e9s.<\/p>\n<p>Options possible :<\/p>\n<ul>\n<li>chapeau Artificier classic<\/li>\n<li>chapeau Artificier Empilable \/ Dock permettant d&rsquo;utiliser la boite \u00e0 d\u00e9s \u00ab\u00a0Automaton\u00a0\u00bb en socle.<\/li>\n<\/ul>\n","protected":false},"excerpt":{"rendered":"<p>Boite \u00e0 d\u00e9s \/ Dice box &#8211; Artificier Automaton Le chapeau pr\u00e9sent dans la galerie photo sert uniquement \u00e0 des fins de pr\u00e9sentation visuelle, il n&rsquo;est pas fournis avec la chope ou la boite \u00e0 d\u00e9s. Options possible : chapeau Artificier classic chapeau Artificier Empilable \/ Dock permettant d&rsquo;utiliser la boite \u00e0 d\u00e9s \u00ab\u00a0Automaton\u00a0\u00bb en [&hellip;]<\/p>\n","protected":false},"featured_media":126,"template":"","meta":[],"product_cat":[21],"product_tag":[39,26,36,37],"class_list":{"0":"post-123","1":"product","2":"type-product","3":"status-publish","4":"has-post-thumbnail","6":"product_cat-boite-a-des","7":"product_tag-artificer","8":"product_tag-artificier","9":"product_tag-boite-a-des","10":"product_tag-dice-box","12":"first","13":"instock","14":"shipping-taxable","15":"purchasable","16":"product-type-simple"},"_links":{"self":[{"href":"https:\/\/www.espoirdataraxia.com\/index.php?rest_route=\/wp\/v2\/product\/123","targetHints":{"allow":["GET"]}}],"collection":[{"href":"https:\/\/www.espoirdataraxia.com\/index.php?rest_route=\/wp\/v2\/product"}],"about":[{"href":"https:\/\/www.espoirdataraxia.com\/index.php?rest_route=\/wp\/v2\/types\/product"}],"wp:featuredmedia":[{"embeddable":true,"href":"https:\/\/www.espoirdataraxia.com\/index.php?rest_route=\/wp\/v2\/media\/126"}],"wp:attachment":[{"href":"https:\/\/www.espoirdataraxia.com\/index.php?rest_route=%2Fwp%2Fv2%2Fmedia&parent=123"}],"wp:term":[{"taxonomy":"product_cat","embeddable":true,"href":"https:\/\/www.espoirdataraxia.com\/index.php?rest_route=%2Fwp%2Fv2%2Fproduct_cat&post=123"},{"taxonomy":"product_tag","embeddable":true,"href":"https:\/\/www.espoirdataraxia.com\/index.php?rest_route=%2Fwp%2Fv2%2Fproduct_tag&post=123"}],"curies":[{"name":"wp","href":"https:\/\/api.w.org\/{rel}","templated":true}]}}