{"id":721,"date":"2024-08-23T14:44:08","date_gmt":"2024-08-23T12:44:08","guid":{"rendered":"https:\/\/www.espoirdataraxia.com\/?post_type=product&#038;p=721"},"modified":"2024-08-23T14:46:58","modified_gmt":"2024-08-23T12:46:58","slug":"ecureuil-potion","status":"publish","type":"product","link":"https:\/\/www.espoirdataraxia.com\/?product=ecureuil-potion","title":{"rendered":"\u00c9cureuil &#8211; Potion"},"content":{"rendered":"<p>Potion \u00e9cureuil,<\/p>\n<p>La potion de l\u2019ami des animaux, des 30 millions d&rsquo;amis pour les druides &amp; amis de la natures les plus \u00e9rudits.<\/p>\n<p>Toute les potions sont vendues avec leur bouchon. Elles ont toutes une ou deux anses pour les mettre \u00e0 la ceinture ou en bandouli\u00e8re.<\/p>\n<p>Pour certain mod\u00e8le sp\u00e9cifique o\u00f9 l&rsquo;esth\u00e9tique ne s&rsquo;y pr\u00eate pas, l&rsquo;anse est sur le bouchon de la potion.<\/p>\n","protected":false},"excerpt":{"rendered":"<p>Potion \u00e9cureuil, La potion de l\u2019ami des animaux, des 30 millions d&rsquo;amis pour les druides &amp; amis de la natures les plus \u00e9rudits. Toute les potions sont vendues avec leur bouchon. Elles ont toutes une ou deux anses pour les mettre \u00e0 la ceinture ou en bandouli\u00e8re. Pour certain mod\u00e8le sp\u00e9cifique o\u00f9 l&rsquo;esth\u00e9tique ne s&rsquo;y [&hellip;]<\/p>\n","protected":false},"featured_media":723,"template":"","meta":[],"product_cat":[130],"product_tag":[141,139,140,131],"class_list":{"0":"post-721","1":"product","2":"type-product","3":"status-publish","4":"has-post-thumbnail","6":"product_cat-potion","7":"product_tag-animal","8":"product_tag-ecureuil","9":"product_tag-gland","10":"product_tag-potion","12":"first","13":"instock","14":"shipping-taxable","15":"purchasable","16":"product-type-simple"},"_links":{"self":[{"href":"https:\/\/www.espoirdataraxia.com\/index.php?rest_route=\/wp\/v2\/product\/721","targetHints":{"allow":["GET"]}}],"collection":[{"href":"https:\/\/www.espoirdataraxia.com\/index.php?rest_route=\/wp\/v2\/product"}],"about":[{"href":"https:\/\/www.espoirdataraxia.com\/index.php?rest_route=\/wp\/v2\/types\/product"}],"wp:featuredmedia":[{"embeddable":true,"href":"https:\/\/www.espoirdataraxia.com\/index.php?rest_route=\/wp\/v2\/media\/723"}],"wp:attachment":[{"href":"https:\/\/www.espoirdataraxia.com\/index.php?rest_route=%2Fwp%2Fv2%2Fmedia&parent=721"}],"wp:term":[{"taxonomy":"product_cat","embeddable":true,"href":"https:\/\/www.espoirdataraxia.com\/index.php?rest_route=%2Fwp%2Fv2%2Fproduct_cat&post=721"},{"taxonomy":"product_tag","embeddable":true,"href":"https:\/\/www.espoirdataraxia.com\/index.php?rest_route=%2Fwp%2Fv2%2Fproduct_tag&post=721"}],"curies":[{"name":"wp","href":"https:\/\/api.w.org\/{rel}","templated":true}]}}