{"id":740,"date":"2024-08-23T15:00:55","date_gmt":"2024-08-23T13:00:55","guid":{"rendered":"https:\/\/www.espoirdataraxia.com\/?post_type=product&#038;p=740"},"modified":"2024-08-23T15:07:02","modified_gmt":"2024-08-23T13:07:02","slug":"invisibilite-potion","status":"publish","type":"product","link":"https:\/\/www.espoirdataraxia.com\/?product=invisibilite-potion","title":{"rendered":"Invisibilit\u00e9 &#8211; Potion"},"content":{"rendered":"<p>La Potion d&rsquo;invisibilit\u00e9<\/p>\n<p>Cette potion est un \u00ab\u00a0must have\u00a0\u00bb dans la panoplie de toute personne avec un peu \u00ab\u00a0trop\u00a0\u00bb d&rsquo;agilit\u00e9 ou de dext\u00e9rit\u00e9 ou les deux, mais c&rsquo;est aussi un choix obligatoire pour ceux qui en manque (^.^)<\/p>\n<p>Pour ce mod\u00e8le l&rsquo;anse, tr\u00e8s discr\u00e8te (comme le nom de la potion le sugg\u00e8re) est sur l&rsquo;arri\u00e8re. Photo \u00e0 venir dans un avenir proche.<\/p>\n<p>Toute les potions sont vendues avec leur bouchon. Elles ont toutes une ou deux anses pour les mettre \u00e0 la ceinture ou en bandouli\u00e8re.<\/p>\n<p>Pour certain mod\u00e8le sp\u00e9cifique o\u00f9 l&rsquo;esth\u00e9tique ne s&rsquo;y pr\u00eate pas, l&rsquo;anse est sur le bouchon de la potion.<\/p>\n","protected":false},"excerpt":{"rendered":"<p>La Potion d&rsquo;invisibilit\u00e9 Cette potion est un \u00ab\u00a0must have\u00a0\u00bb dans la panoplie de toute personne avec un peu \u00ab\u00a0trop\u00a0\u00bb d&rsquo;agilit\u00e9 ou de dext\u00e9rit\u00e9 ou les deux, mais c&rsquo;est aussi un choix obligatoire pour ceux qui en manque (^.^) Pour ce mod\u00e8le l&rsquo;anse, tr\u00e8s discr\u00e8te (comme le nom de la potion le sugg\u00e8re) est sur l&rsquo;arri\u00e8re. [&hellip;]<\/p>\n","protected":false},"featured_media":743,"template":"","meta":[],"product_cat":[130],"product_tag":[152,149,150,153,151,131],"class_list":{"0":"post-740","1":"product","2":"type-product","3":"status-publish","4":"has-post-thumbnail","6":"product_cat-potion","7":"product_tag-arcane","8":"product_tag-invisibilite","9":"product_tag-invisibility","10":"product_tag-magie","11":"product_tag-pentagrame","12":"product_tag-potion","14":"first","15":"instock","16":"shipping-taxable","17":"purchasable","18":"product-type-simple"},"_links":{"self":[{"href":"https:\/\/www.espoirdataraxia.com\/index.php?rest_route=\/wp\/v2\/product\/740","targetHints":{"allow":["GET"]}}],"collection":[{"href":"https:\/\/www.espoirdataraxia.com\/index.php?rest_route=\/wp\/v2\/product"}],"about":[{"href":"https:\/\/www.espoirdataraxia.com\/index.php?rest_route=\/wp\/v2\/types\/product"}],"wp:featuredmedia":[{"embeddable":true,"href":"https:\/\/www.espoirdataraxia.com\/index.php?rest_route=\/wp\/v2\/media\/743"}],"wp:attachment":[{"href":"https:\/\/www.espoirdataraxia.com\/index.php?rest_route=%2Fwp%2Fv2%2Fmedia&parent=740"}],"wp:term":[{"taxonomy":"product_cat","embeddable":true,"href":"https:\/\/www.espoirdataraxia.com\/index.php?rest_route=%2Fwp%2Fv2%2Fproduct_cat&post=740"},{"taxonomy":"product_tag","embeddable":true,"href":"https:\/\/www.espoirdataraxia.com\/index.php?rest_route=%2Fwp%2Fv2%2Fproduct_tag&post=740"}],"curies":[{"name":"wp","href":"https:\/\/api.w.org\/{rel}","templated":true}]}}